
{"id":75,"date":"2016-08-05T15:46:55","date_gmt":"2016-08-05T15:46:55","guid":{"rendered":"http:\/\/bvbe1.compuwebperu.com\/bvbe\/?page_id=75"},"modified":"2017-08-04T14:18:02","modified_gmt":"2017-08-04T19:18:02","slug":"servicioinves","status":"publish","type":"page","link":"https:\/\/tumi.lamolina.edu.pe\/bvbe\/index.php\/servicioinves\/","title":{"rendered":"Servicio Investigador Viajero"},"content":{"rendered":"<p style=\"text-align: justify;\">Servicio de soporte de informaci\u00f3n al Docente e\u00a0 investigador de la UNALM que se encuentra realizando una Maestr\u00eda , Doctorado, Curso de Especializaci\u00f3n, Pasant\u00eda fuera del Per\u00fa.<\/p>\n<p style=\"text-align: justify;\"><strong>Martha Malapi-Wight<\/strong><br \/>\n<strong>Postdoctoral Research Plant Pathologist at USDA-ARS<\/strong><br \/>\n<strong>Ubicaci\u00f3n: \u00c1rea Metropolitana de Washington D.C., Estados Unidos.<\/strong><\/p>\n<p style=\"text-align: justify;\"><img loading=\"lazy\" decoding=\"async\" class=\"size-full wp-image-76 aligncenter\" src=\"http:\/\/tumi.lamolina.edu.pe\/bvbe\/wp-content\/uploads\/2016\/08\/martha-malapi.jpg\" alt=\"martha malapi\" width=\"200\" height=\"200\" srcset=\"https:\/\/tumi.lamolina.edu.pe\/bvbe\/wp-content\/uploads\/2016\/08\/martha-malapi.jpg 200w, https:\/\/tumi.lamolina.edu.pe\/bvbe\/wp-content\/uploads\/2016\/08\/martha-malapi-150x150.jpg 150w\" sizes=\"(max-width: 200px) 100vw, 200px\" \/><\/p>\n<p style=\"text-align: justify;\"><strong>Revista MIT premia a peruana por mejorar control de pat\u00f3genos agr\u00edcolas<\/strong><\/p>\n<p style=\"text-align: justify;\">La prestigiosa revista MIT Technology Review, en su edici\u00f3n en espa\u00f1ol, premi\u00f3 el trabajo de la investigadora agr\u00f3noma peruana, Martha Malapi, por mejorar el control de pat\u00f3genos agr\u00edcolas, con la difusi\u00f3n de su trabajo cient\u00edfico.<\/p>\n<p style=\"text-align: justify;\">Por primera vez, la publicaci\u00f3n del afamado Instituto Tecnol\u00f3gico de Massachusetts (MIT) destaca el trabajo de cinco innovadores peruanos menores de 35 a\u00f1os, entre ellos a Martha Malapi (32), egresada de la Universidad Nacional Agraria La Molina\u00a0(UNALM).<\/p>\n","protected":false},"excerpt":{"rendered":"<p>Servicio de soporte de informaci\u00f3n al Docente e\u00a0 investigador de la UNALM que se encuentra realizando una Maestr\u00eda , Doctorado, Curso de Especializaci\u00f3n, Pasant\u00eda fuera del Per\u00fa. Martha Malapi-Wight Postdoctoral Research Plant Pathologist at USDA-ARS Ubicaci\u00f3n: \u00c1rea Metropolitana de Washington D.C., Estados Unidos. Revista MIT premia a peruana por mejorar control de pat\u00f3genos agr\u00edcolas La &hellip;<\/p>\n","protected":false},"author":1,"featured_media":0,"parent":0,"menu_order":0,"comment_status":"closed","ping_status":"closed","template":"","meta":{"footnotes":""},"_links":{"self":[{"href":"https:\/\/tumi.lamolina.edu.pe\/bvbe\/index.php\/wp-json\/wp\/v2\/pages\/75"}],"collection":[{"href":"https:\/\/tumi.lamolina.edu.pe\/bvbe\/index.php\/wp-json\/wp\/v2\/pages"}],"about":[{"href":"https:\/\/tumi.lamolina.edu.pe\/bvbe\/index.php\/wp-json\/wp\/v2\/types\/page"}],"author":[{"embeddable":true,"href":"https:\/\/tumi.lamolina.edu.pe\/bvbe\/index.php\/wp-json\/wp\/v2\/users\/1"}],"replies":[{"embeddable":true,"href":"https:\/\/tumi.lamolina.edu.pe\/bvbe\/index.php\/wp-json\/wp\/v2\/comments?post=75"}],"version-history":[{"count":6,"href":"https:\/\/tumi.lamolina.edu.pe\/bvbe\/index.php\/wp-json\/wp\/v2\/pages\/75\/revisions"}],"predecessor-version":[{"id":2920,"href":"https:\/\/tumi.lamolina.edu.pe\/bvbe\/index.php\/wp-json\/wp\/v2\/pages\/75\/revisions\/2920"}],"wp:attachment":[{"href":"https:\/\/tumi.lamolina.edu.pe\/bvbe\/index.php\/wp-json\/wp\/v2\/media?parent=75"}],"curies":[{"name":"wp","href":"https:\/\/api.w.org\/{rel}","templated":true}]}}