
{"id":68,"date":"2016-08-05T15:36:56","date_gmt":"2016-08-05T15:36:56","guid":{"rendered":"http:\/\/bvbe1.compuwebperu.com\/bvbe\/?page_id=68"},"modified":"2026-03-17T15:10:32","modified_gmt":"2026-03-17T20:10:32","slug":"solicitudarti","status":"publish","type":"page","link":"https:\/\/tumi.lamolina.edu.pe\/bvbe\/index.php\/solicitudarti\/","title":{"rendered":"Solicitud de Art\u00edculos Cient\u00edficos"},"content":{"rendered":"<p>Este servicio consiste en conseguir los art\u00edculos cient\u00edficos\u00a0 y documentos\u00a0 que el investigador necesita.<\/p>\n<p>Registrar en el formulario los datos del art\u00edculo: Titulo del art\u00edculo, autor, nombre de la revista, a\u00f1o y numeraci\u00f3n de p\u00e1ginas.<\/p>\n<p>Servicio solo para uso de investigaci\u00f3n no comercial.<\/p>\n<p><iframe loading=\"lazy\" src=\"https:\/\/docs.google.com\/forms\/d\/e\/1FAIpQLSccCwmAbCSRwJqenrgmqJ_TebveoEcXtEGnZw3TweBZ2PhvzQ\/viewform?embedded=true\" width=\"550\" height=\"1836\" frameborder=\"0\" marginwidth=\"0\" marginheight=\"0\">Cargando\u2026<\/iframe><\/p>\n","protected":false},"excerpt":{"rendered":"<p>Este servicio consiste en conseguir los art\u00edculos cient\u00edficos\u00a0 y documentos\u00a0 que el investigador necesita. Registrar en el formulario los datos del art\u00edculo: Titulo del art\u00edculo, autor, nombre de la revista, a\u00f1o y numeraci\u00f3n de p\u00e1ginas. Servicio solo para uso de investigaci\u00f3n no comercial. Cargando\u2026<\/p>\n","protected":false},"author":1,"featured_media":0,"parent":0,"menu_order":0,"comment_status":"closed","ping_status":"closed","template":"","meta":{"footnotes":""},"_links":{"self":[{"href":"https:\/\/tumi.lamolina.edu.pe\/bvbe\/index.php\/wp-json\/wp\/v2\/pages\/68"}],"collection":[{"href":"https:\/\/tumi.lamolina.edu.pe\/bvbe\/index.php\/wp-json\/wp\/v2\/pages"}],"about":[{"href":"https:\/\/tumi.lamolina.edu.pe\/bvbe\/index.php\/wp-json\/wp\/v2\/types\/page"}],"author":[{"embeddable":true,"href":"https:\/\/tumi.lamolina.edu.pe\/bvbe\/index.php\/wp-json\/wp\/v2\/users\/1"}],"replies":[{"embeddable":true,"href":"https:\/\/tumi.lamolina.edu.pe\/bvbe\/index.php\/wp-json\/wp\/v2\/comments?post=68"}],"version-history":[{"count":20,"href":"https:\/\/tumi.lamolina.edu.pe\/bvbe\/index.php\/wp-json\/wp\/v2\/pages\/68\/revisions"}],"predecessor-version":[{"id":3112,"href":"https:\/\/tumi.lamolina.edu.pe\/bvbe\/index.php\/wp-json\/wp\/v2\/pages\/68\/revisions\/3112"}],"wp:attachment":[{"href":"https:\/\/tumi.lamolina.edu.pe\/bvbe\/index.php\/wp-json\/wp\/v2\/media?parent=68"}],"curies":[{"name":"wp","href":"https:\/\/api.w.org\/{rel}","templated":true}]}}