
{"id":399,"date":"2016-09-29T10:44:13","date_gmt":"2016-09-29T15:44:13","guid":{"rendered":"http:\/\/bvbe1.compuwebperu.com\/bvbe\/?page_id=399"},"modified":"2017-04-19T08:59:22","modified_gmt":"2017-04-19T13:59:22","slug":"taller-autor-wiley","status":"publish","type":"page","link":"https:\/\/tumi.lamolina.edu.pe\/bvbe\/index.php\/taller-autor-wiley\/","title":{"rendered":"Taller Autor Wiley"},"content":{"rendered":"<p style=\"text-align: center;\"><strong><span style=\"color: #0000ff;\">\u201cC\u00d3MO PUBLICAR UN ART\u00cdCULO EXITOSO EN REVISTAS INTERNACIONALES\u201d<\/span><\/strong><\/p>\n<p style=\"text-align: justify;\">En el taller Wiley \u00a0se cont\u00f3 con la presencia del Mg. Sc. Rub\u00e9n Miranda Cabrera Director de la BAN , \u00a0de la Sra. Allyn Molina, Directora de la Editorial \u00a0Wiley, el Sr. Eduardo Mart\u00ednez Gerente de marketing de Am\u00e9rica Latina de \u00a0Wiley y con las participaciones especiales de la Dra. Bettit Karim Salv\u00e1 y el Dr. David Campos Guti\u00e9rrez, autores de art\u00edculos cient\u00edficos publicados en la Base Wiley Online Library.<br \/>\nEl taller se realiz\u00f3\u00a0 el d\u00eda jueves 22 de septiembre de 2016 de 4:00 pm a 7:00 pm, en el auditorio rojo A-5 de la UNALM. Organizado por la Biblioteca Agr\u00edcola Nacional y la Editorial Wiley.<\/p>\n<p style=\"text-align: center;\"><strong><span style=\"color: #0000ff;\">EXPOSICI\u00d3N DE EDUARDO MART\u00cdNEZ &#8211; WILEY<\/span><\/strong><\/p>\n<p style=\"text-align: center;\"><iframe src=\"\/\/docs.google.com\/viewer?url=http%3A%2F%2Ftumi.lamolina.edu.pe%2Fbvbe%2Fwp-content%2Fuploads%2F2016%2F09%2FEduardo-Martinez-Wiley-Presentation-UNALM.pdf&hl=es&embedded=true\" class=\"gde-frame\" style=\"width:100%; height:500px; border: none;\" scrolling=\"no\"><\/iframe>\n<p class=\"gde-text\"><a href=\"http:\/\/tumi.lamolina.edu.pe\/bvbe\/wp-content\/uploads\/2016\/09\/Eduardo-Martinez-Wiley-Presentation-UNALM.pdf\" class=\"gde-link\">Descargar (PDF, 1.61MB)<\/a><\/p><\/p>\n<p style=\"text-align: center;\"><span style=\"color: #0000ff;\"><strong>EXPOSICI\u00d3N DE ALLYN MOLINA &#8211; WILEY<\/strong><\/span><\/p>\n<p style=\"text-align: center;\"><iframe src=\"\/\/docs.google.com\/viewer?url=http%3A%2F%2Ftumi.lamolina.edu.pe%2Fbvbe%2Fwp-content%2Fuploads%2F2016%2F09%2FPresentacion-Allyn-Molina-Wiley-Peruv1.pdf&hl=es&embedded=true\" class=\"gde-frame\" style=\"width:100%; height:500px; border: none;\" scrolling=\"no\"><\/iframe>\n<p class=\"gde-text\"><a href=\"http:\/\/tumi.lamolina.edu.pe\/bvbe\/wp-content\/uploads\/2016\/09\/Presentacion-Allyn-Molina-Wiley-Peruv1.pdf\" class=\"gde-link\">Descargar (PDF, 4.83MB)<\/a><\/p><\/p>\n<p style=\"text-align: center;\"><span style=\"color: #0000ff;\"><strong>EXPOSICI\u00d3N \u00a0DE DRA. BETTIT SALV\u00c1 &#8211; UNALM<\/strong><\/span><\/p>\n<p style=\"text-align: center;\"><iframe src=\"\/\/docs.google.com\/viewer?url=http%3A%2F%2Ftumi.lamolina.edu.pe%2Fbvbe%2Fwp-content%2Fuploads%2F2016%2F09%2FTaller-de-Autor-UNALM-Dra-Bettit-Salv%C3%A1.pdf&hl=es&embedded=true\" class=\"gde-frame\" style=\"width:100%; height:500px; border: none;\" scrolling=\"no\"><\/iframe>\n<p class=\"gde-text\"><a href=\"http:\/\/tumi.lamolina.edu.pe\/bvbe\/wp-content\/uploads\/2016\/09\/Taller-de-Autor-UNALM-Dra-Bettit-Salv\u00e1.pdf\" class=\"gde-link\">Descargar (PDF, 1.69MB)<\/a><\/p><\/p>\n<p style=\"text-align: center;\"><span style=\"color: #0000ff;\"><strong>EXPOSICI\u00d3N DEL DOC. DAVID CAMPOS &#8211; UNALM<\/strong><\/span><\/p>\n<p style=\"text-align: center;\"><iframe src=\"\/\/docs.google.com\/viewer?url=http%3A%2F%2Ftumi.lamolina.edu.pe%2Fbvbe%2Fwp-content%2Fuploads%2F2016%2F09%2FPresentaci%C3%B3n-Dr.-David-Campos.pdf&hl=es&embedded=true\" class=\"gde-frame\" style=\"width:100%; height:500px; border: none;\" scrolling=\"no\"><\/iframe>\n<p class=\"gde-text\"><a href=\"http:\/\/tumi.lamolina.edu.pe\/bvbe\/wp-content\/uploads\/2016\/09\/Presentaci\u00f3n-Dr.-David-Campos.pdf\" class=\"gde-link\">Descargar (PDF, 245KB)<\/a><\/p><\/p>\n<p style=\"text-align: center;\"><iframe src=\"\/\/docs.google.com\/viewer?url=http%3A%2F%2Ftumi.lamolina.edu.pe%2Fbvbe%2Fwp-content%2Fuploads%2F2016%2F09%2FAnswers_Reviewers_yacon-paper-final-Dr.-David-Campos.pdf&hl=es&embedded=true\" class=\"gde-frame\" style=\"width:100%; height:500px; border: none;\" scrolling=\"no\"><\/iframe>\n<p class=\"gde-text\"><a href=\"http:\/\/tumi.lamolina.edu.pe\/bvbe\/wp-content\/uploads\/2016\/09\/Answers_Reviewers_yacon-paper-final-Dr.-David-Campos.pdf\" class=\"gde-link\">Descargar (PDF, 72KB)<\/a><\/p><\/p>\n<p style=\"text-align: center;\"><a href=\"http:\/\/tumi.lamolina.edu.pe\/bvbe\/wp-content\/uploads\/2016\/09\/Yacon-Processing-2015_IJFST-after-commen-Dr.-David-Campos.pdf\" target=\"_blank\">Yacon-Processing-2015_IJFST-after-commen-Dr.-David-Campos.pdf<\/a><\/p>\n<p style=\"text-align: center;\"><a href=\"http:\/\/tumi.lamolina.edu.pe\/bvbe\/wp-content\/uploads\/2016\/09\/r1_IJFS_13074_review-Dr.-David-Campos.pdf\" target=\"_blank\">r1_IJFS_13074_review-Dr.-David-Campos.pdf<\/a><\/p>\n<p style=\"text-align: center;\"><a href=\"http:\/\/tumi.lamolina.edu.pe\/bvbe\/wp-content\/uploads\/2016\/09\/Figure-File_Correg.pdf\" target=\"_blank\">Figure-File_Correg.pdf<\/a><\/p>\n","protected":false},"excerpt":{"rendered":"<p>\u201cC\u00d3MO PUBLICAR UN ART\u00cdCULO EXITOSO EN REVISTAS INTERNACIONALES\u201d En el taller Wiley \u00a0se cont\u00f3 con la presencia del Mg. Sc. Rub\u00e9n Miranda Cabrera Director de la BAN , \u00a0de la Sra. Allyn Molina, Directora de la Editorial \u00a0Wiley, el Sr. Eduardo Mart\u00ednez Gerente de marketing de Am\u00e9rica Latina de \u00a0Wiley y con las participaciones especiales &hellip;<\/p>\n","protected":false},"author":1,"featured_media":0,"parent":0,"menu_order":0,"comment_status":"closed","ping_status":"closed","template":"","meta":{"footnotes":""},"_links":{"self":[{"href":"https:\/\/tumi.lamolina.edu.pe\/bvbe\/index.php\/wp-json\/wp\/v2\/pages\/399"}],"collection":[{"href":"https:\/\/tumi.lamolina.edu.pe\/bvbe\/index.php\/wp-json\/wp\/v2\/pages"}],"about":[{"href":"https:\/\/tumi.lamolina.edu.pe\/bvbe\/index.php\/wp-json\/wp\/v2\/types\/page"}],"author":[{"embeddable":true,"href":"https:\/\/tumi.lamolina.edu.pe\/bvbe\/index.php\/wp-json\/wp\/v2\/users\/1"}],"replies":[{"embeddable":true,"href":"https:\/\/tumi.lamolina.edu.pe\/bvbe\/index.php\/wp-json\/wp\/v2\/comments?post=399"}],"version-history":[{"count":23,"href":"https:\/\/tumi.lamolina.edu.pe\/bvbe\/index.php\/wp-json\/wp\/v2\/pages\/399\/revisions"}],"predecessor-version":[{"id":421,"href":"https:\/\/tumi.lamolina.edu.pe\/bvbe\/index.php\/wp-json\/wp\/v2\/pages\/399\/revisions\/421"}],"wp:attachment":[{"href":"https:\/\/tumi.lamolina.edu.pe\/bvbe\/index.php\/wp-json\/wp\/v2\/media?parent=399"}],"curies":[{"name":"wp","href":"https:\/\/api.w.org\/{rel}","templated":true}]}}