
{"id":2172,"date":"2018-02-20T02:43:54","date_gmt":"2018-02-20T07:43:54","guid":{"rendered":"http:\/\/tumi.lamolina.edu.pe\/bvbe\/?page_id=2172"},"modified":"2018-12-27T09:09:30","modified_gmt":"2018-12-27T14:09:30","slug":"personal-staff","status":"publish","type":"page","link":"https:\/\/tumi.lamolina.edu.pe\/bvbe\/index.php\/personal-staff\/","title":{"rendered":"Personal Staff"},"content":{"rendered":"<p><span style=\"color: #3366ff;\"><strong>\u00a0<\/strong><\/span><\/p>\n<p><span style=\"color: #3366ff; font-size: 14pt;\"><strong>Staff\u00a0 de\u00a0<span style=\"font-family: helvetica, arial, sans-serif;\">B\u00fasqueda Especializada (BVBE)<\/span><\/strong><\/span><\/p>\n<p>&nbsp;<\/p>\n<ul>\n<li><strong><span style=\"font-family: helvetica, arial, sans-serif;\">Renzo Manuel Bruno Buleje Cancho<\/span><\/strong><\/li>\n<\/ul>\n<p><span style=\"font-family: helvetica, arial, sans-serif;\">T\u00e9cnico en Dise\u00f1o Gr\u00e1fico Publicitario<\/span><\/p>\n<p>Email:\u00a0rbuleje@lamolina.edu.pe<\/p>\n<p>&nbsp;<\/p>\n<ul>\n<li><strong><span style=\"font-family: helvetica, arial, sans-serif;\">Enrique Davir\u00e1n C.<\/span><\/strong><\/li>\n<\/ul>\n<p><span style=\"font-family: helvetica, arial, sans-serif;\">Ing. Consultor de Informaci\u00f3n<\/span><\/p>\n<p>Email: endaca@lamolina.edu.pe<\/p>\n<p>&nbsp;<\/p>\n<p>&nbsp;<\/p>\n<p><strong>Sala B\u00fasqueda Especializada<\/strong><\/p>\n<p>Email: biblio@lamolina.edu.pe<\/p>\n","protected":false},"excerpt":{"rendered":"<p>\u00a0 Staff\u00a0 de\u00a0B\u00fasqueda Especializada (BVBE) &nbsp; Renzo Manuel Bruno Buleje Cancho T\u00e9cnico en Dise\u00f1o Gr\u00e1fico Publicitario Email:\u00a0rbuleje@lamolina.edu.pe &nbsp; Enrique Davir\u00e1n C. Ing. Consultor de Informaci\u00f3n Email: endaca@lamolina.edu.pe &nbsp; &nbsp; Sala B\u00fasqueda Especializada Email: biblio@lamolina.edu.pe<\/p>\n","protected":false},"author":1,"featured_media":0,"parent":0,"menu_order":0,"comment_status":"closed","ping_status":"closed","template":"","meta":{"footnotes":""},"_links":{"self":[{"href":"https:\/\/tumi.lamolina.edu.pe\/bvbe\/index.php\/wp-json\/wp\/v2\/pages\/2172"}],"collection":[{"href":"https:\/\/tumi.lamolina.edu.pe\/bvbe\/index.php\/wp-json\/wp\/v2\/pages"}],"about":[{"href":"https:\/\/tumi.lamolina.edu.pe\/bvbe\/index.php\/wp-json\/wp\/v2\/types\/page"}],"author":[{"embeddable":true,"href":"https:\/\/tumi.lamolina.edu.pe\/bvbe\/index.php\/wp-json\/wp\/v2\/users\/1"}],"replies":[{"embeddable":true,"href":"https:\/\/tumi.lamolina.edu.pe\/bvbe\/index.php\/wp-json\/wp\/v2\/comments?post=2172"}],"version-history":[{"count":12,"href":"https:\/\/tumi.lamolina.edu.pe\/bvbe\/index.php\/wp-json\/wp\/v2\/pages\/2172\/revisions"}],"predecessor-version":[{"id":2390,"href":"https:\/\/tumi.lamolina.edu.pe\/bvbe\/index.php\/wp-json\/wp\/v2\/pages\/2172\/revisions\/2390"}],"wp:attachment":[{"href":"https:\/\/tumi.lamolina.edu.pe\/bvbe\/index.php\/wp-json\/wp\/v2\/media?parent=2172"}],"curies":[{"name":"wp","href":"https:\/\/api.w.org\/{rel}","templated":true}]}}