
{"id":143,"date":"2016-09-07T18:27:46","date_gmt":"2016-09-07T18:27:46","guid":{"rendered":"http:\/\/bvbe1.compuwebperu.com\/bvbe\/?page_id=143"},"modified":"2023-08-14T10:53:42","modified_gmt":"2023-08-14T15:53:42","slug":"bases-de-datos-ban-unalm","status":"publish","type":"page","link":"https:\/\/tumi.lamolina.edu.pe\/bvbe\/index.php\/bases-de-datos-ban-unalm\/","title":{"rendered":"Bases de Datos BAN-UNALM"},"content":{"rendered":"<p style=\"text-align: center;\"><span style=\"text-decoration: underline; font-size: 24pt;\"><span style=\"color: #0000ff;\"><strong>BASE DE DATOS<\/strong><\/span><\/span><\/p>\n<p><a href=\"https:\/\/onlinelibrary.wiley.com\/\"><img loading=\"lazy\" decoding=\"async\" class=\"wp-image-380 aligncenter\" src=\"http:\/\/tumi.lamolina.edu.pe\/bvbe\/wp-content\/uploads\/2016\/09\/wiley-300x92.jpg\" alt=\"wiley\" width=\"197\" height=\"60\" srcset=\"https:\/\/tumi.lamolina.edu.pe\/bvbe\/wp-content\/uploads\/2016\/09\/wiley-300x92.jpg 300w, https:\/\/tumi.lamolina.edu.pe\/bvbe\/wp-content\/uploads\/2016\/09\/wiley.jpg 344w\" sizes=\"(max-width: 197px) 100vw, 197px\" \/><\/a><\/p>\n<p style=\"text-align: justify;\"><span style=\"color: #0000ff;\"><strong>BASE WILEY ONLINE LIBRARY<\/strong> <\/span>que comprende las \u00e1reas: Agricultura, Acuicultura, Ciencias de los Alimentos, Ciencias de la Tierra, Veterinaria, Ciencias de la Salud, F\u00edsico-Matem\u00e1ticas, Ingenier\u00edas, Ciencias de la Vida, Econ\u00f3mico-Administrativas, Ciencias Sociales y Humanidades. La Universidad Nacional Agraria la Molina tiene acceso a 1,340 journals de la Base Wiley Online Library de los a\u00f1os 1997 hasta 2023.<\/p>\n<p style=\"text-align: justify;\">Wiley es una editorial cient\u00edfica con m\u00e1s de 200 a\u00f1os de existencia. Publica en todas las \u00e1reas de la ciencia, distribuidas en libros, revistas cient\u00edficas, base de datos y enciclopedias.\u00a0 M\u00e1s de 350 Ganadores del Premio Nobel han publicado sus trabajos en Wiley.<\/p>\n<p><a href=\"http:\/\/teeal\/users\/sign_in\"><img loading=\"lazy\" decoding=\"async\" class=\"aligncenter wp-image-374\" src=\"http:\/\/tumi.lamolina.edu.pe\/bvbe\/wp-content\/uploads\/2016\/09\/TEEAL-e1475006285656.jpg\" alt=\"teeal\" width=\"197\" height=\"74\" \/><\/a><\/p>\n<p style=\"text-align: center;\"><strong><span style=\"color: #0000ff;\">Colecci\u00f3n digital LAN-TEEAL (The Essential Electronic Agricultural Library)<\/span><\/strong><\/p>\n<p style=\"text-align: justify;\"><strong><span style=\"color: #0000ff;\">TEEAL<\/span><\/strong> es una biblioteca digital para la excelencia en la investigaci\u00f3n y la educaci\u00f3n agr\u00edcola\u00a0 que contiene 358 t\u00edtulos de revistas cient\u00edficas en texto completo de diferentes editoriales que contienen art\u00edculos sobre temas relacionados a acuicultura, agronom\u00eda, econom\u00eda, desarrollo rural, recursos naturales, ciencia de los alimentos, nutrici\u00f3n, ganader\u00eda, microbiolog\u00eda, fitopatolog\u00eda, agricultura sostenible, medicina veterinaria.<\/p>\n<p><a href=\"http:\/\/www.adexdatatrade.com\/\"><img loading=\"lazy\" decoding=\"async\" class=\"aligncenter wp-image-381\" src=\"http:\/\/tumi.lamolina.edu.pe\/bvbe\/wp-content\/uploads\/2016\/09\/ADT-ADEX-300x161.png\" alt=\"adt-adex\" width=\"197\" height=\"106\" srcset=\"https:\/\/tumi.lamolina.edu.pe\/bvbe\/wp-content\/uploads\/2016\/09\/ADT-ADEX-300x161.png 300w, https:\/\/tumi.lamolina.edu.pe\/bvbe\/wp-content\/uploads\/2016\/09\/ADT-ADEX.png 356w\" sizes=\"(max-width: 197px) 100vw, 197px\" \/><\/a><\/p>\n<p style=\"text-align: justify;\"><span style=\"color: #0000ff;\"><strong>ADEX DATA TRADE<\/strong><\/span>\u00a0\u00a0es una base referido al comercio exterior y a la\u00a0Inteligencia Comercial, en donde podr\u00e1 encontrar la informaci\u00f3n actualizada necesaria para desarrollar e incrementar su competitividad en el comercio internacional. Comprende:<\/p>\n<ul>\n<li style=\"text-align: justify;\">Estad\u00edsticas de comercio exterior peruano<\/li>\n<li style=\"text-align: justify;\">Oportunidades de mercado<\/li>\n<li style=\"text-align: justify;\">Fuentes de informaci\u00f3n<\/li>\n<li style=\"text-align: justify;\">Boletines sectoriales<\/li>\n<li style=\"text-align: justify;\">Rankings sectoriales<\/li>\n<li style=\"text-align: justify;\">Acuerdos comerciales<\/li>\n<li style=\"text-align: justify;\">Presentaciones de eventos<\/li>\n<li style=\"text-align: justify;\">Publicaciones y ferias.<\/li>\n<li>Informaci\u00f3n de entidades externas.<\/li>\n<li><\/li>\n<\/ul>\n<p><a href=\"http:\/\/www.bibliocolabora.es\/ConexionWeb\/\"><img loading=\"lazy\" decoding=\"async\" class=\"aligncenter wp-image-537\" src=\"http:\/\/tumi.lamolina.edu.pe\/bvbe\/wp-content\/uploads\/2016\/09\/bibliocolabora-nitido.png\" alt=\"bibliocolabora-nitido\" width=\"200\" height=\"86\" \/><\/a><\/p>\n<p style=\"text-align: justify;\"><span style=\"color: #0000ff;\"><strong>BIBLIOCOLABORA<\/strong><\/span> es la plataforma de informaci\u00f3n cient\u00edfica de acceso libre que agrupa la mayor cantidad de contenidos en espa\u00f1ol, portugu\u00e9s e ingles y as\u00ed mismo es un meta buscador que busca en 13 bases en forma\u00a0 simult\u00e1nea.<\/p>\n<p style=\"text-align: justify;\">Posee una robusta plataforma tecnol\u00f3gica apoyada en importantes contenidos acad\u00e9micos multidisciplinarios. Las fuentes actuales de Bibliocolabora aportan casi un mill\u00f3n de objetos de conocimiento, en esta plataforma se puede encontrar \u00a0art\u00edculos cient\u00edficos, \u00a0tesis a nivel de doctorado, libros a trav\u00e9s de google book y otras publicaciones de car\u00e1cter cient\u00edfico.<\/p>\n<p><a href=\"http:\/\/galeapps.galegroup.com\/apps\/auth?password=unalm0918&amp;proceed=&amp;prodId=&amp;productLongName=&amp;authType=&amp;cookieTrans=&amp;userGroupName=lamolina&amp;isReattempt=true&amp;origURL=http%3A%2F%2Ffind.galegroup.com%2Fmenu%2Fcommonmenu.do%3FuserGroupName%3Dlamolina%26finalAuth%3Dtrue\"><img loading=\"lazy\" decoding=\"async\" class=\"aligncenter wp-image-384\" src=\"http:\/\/tumi.lamolina.edu.pe\/bvbe\/wp-content\/uploads\/2016\/09\/environmental-studies-policy-full.jpg\" alt=\"environmental-studies-policy-full\" width=\"197\" height=\"90\" \/><\/a><\/p>\n<p style=\"text-align: justify;\"><span style=\"color: #0000ff;\"><strong>ENVIRONMENTAL STUDIES AND POLICY COLLECTION<\/strong> <\/span>explora temas como el cambio clim\u00e1tico, las energ\u00edas alternativas, la pol\u00edtica ambiental, verde que va, el reciclaje, el suelo, las plantas, la agronom\u00eda y mucho m\u00e1s. Art\u00edculos presentan m\u00faltiples puntos de vista, incluyendo las perspectivas de la comunidad cient\u00edfica, los responsables de las pol\u00edticas gubernamentales, as\u00ed como de los intereses corporativos.<\/p>\n<p><a href=\"https:\/\/www.sciencedirect.com\/\"><img loading=\"lazy\" decoding=\"async\" class=\" wp-image-144 aligncenter\" src=\"http:\/\/tumi.lamolina.edu.pe\/bvbe\/wp-content\/uploads\/2016\/09\/sciencedirect_logo.gif\" alt=\"\" width=\"188\" height=\"43\" \/><\/a><\/p>\n<p style=\"text-align: justify;\"><span style=\"color: #0000ff;\"><strong>SCIENCE DIRECT<\/strong>\u00a0<\/span>es una base que proporciona acceso por suscripci\u00f3n a datos de investigaci\u00f3n cient\u00edfica multidisciplinaria respecto a las Ciencias F\u00edsicas e Ingenier\u00eda, Ciencias biol\u00f3gicas, Ciencias de la Salud y Ciencias Sociales y Humanidades. Ofrece el texto completo de las revistas cient\u00edficas as\u00ed como cap\u00edtulos de libros, procedentes de m\u00e1s de 2.650 revistas arbitradas.<br \/>\nLa colecci\u00f3n ScienceDirect Freedom Collection, Book Collection 2010-2013 y 2016-2018 y los Back Files de ScienceDirect Pre 1995, son suscritos a trav\u00e9s de CONCYTEC.<\/p>\n<p style=\"text-align: justify;\">\n<p><img loading=\"lazy\" decoding=\"async\" class=\"wp-image-2685 aligncenter\" src=\"http:\/\/tumi.lamolina.edu.pe\/bvbe\/wp-content\/uploads\/2023\/02\/scopus.png\" alt=\"\" width=\"163\" height=\"47\" srcset=\"https:\/\/tumi.lamolina.edu.pe\/bvbe\/wp-content\/uploads\/2023\/02\/scopus.png 390w, https:\/\/tumi.lamolina.edu.pe\/bvbe\/wp-content\/uploads\/2023\/02\/scopus-300x86.png 300w\" sizes=\"(max-width: 163px) 100vw, 163px\" \/><\/p>\n<p style=\"text-align: justify;\"><strong><span style=\"color: #3366ff;\">SCOPUS<\/span><\/strong>\u00a0 es una base \u00a0de datos bibliogr\u00e1fica de res\u00famenes y citas de art\u00edculos de revistas cient\u00edficas arbitradas, con herramientas de bibliometr\u00eda que permite rastrear, analizar y visualizar investigaciones.Acceso a trav\u00e9s de\u00a0 CONCYTEC.<\/p>\n<p style=\"text-align: left;\"><img loading=\"lazy\" decoding=\"async\" class=\" wp-image-787 aligncenter\" src=\"http:\/\/tumi.lamolina.edu.pe\/bvbe\/wp-content\/uploads\/2016\/09\/BASE-ARTI-LOGO-300x97.png\" alt=\"base-arti-logo\" width=\"188\" height=\"61\" srcset=\"https:\/\/tumi.lamolina.edu.pe\/bvbe\/wp-content\/uploads\/2016\/09\/BASE-ARTI-LOGO-300x97.png 300w, https:\/\/tumi.lamolina.edu.pe\/bvbe\/wp-content\/uploads\/2016\/09\/BASE-ARTI-LOGO.png 365w\" sizes=\"(max-width: 188px) 100vw, 188px\" \/><\/p>\n<p style=\"text-align: left;\"><span style=\"color: #0000ff;\"><strong>BASE ARTI, <\/strong><span style=\"color: #000000;\">es una base\u00a0 relacionada a las ciencias agrarias en la cual \u00a0se puede encontrar art\u00edculos, tesis y libros. <\/span><\/span><\/p>\n<p><span style=\"color: #0000ff;\"><span style=\"color: #000000;\">Disponible solo en la Sala Biblioteca Virtual y B\u00fasqueda Especializada (BVBE).<\/span><\/span><\/p>\n<p><img loading=\"lazy\" decoding=\"async\" class=\" wp-image-2687 aligncenter\" src=\"http:\/\/tumi.lamolina.edu.pe\/bvbe\/wp-content\/uploads\/2023\/02\/Researchlife-1.png\" alt=\"\" width=\"235\" height=\"83\" \/><\/p>\n<p style=\"text-align: justify;\"><span style=\"color: #0000ff;\"><strong>BASE Research4Life,<\/strong><\/span> es el nombre colectivo para los cinco programas: Hinari, AGORA, OARE, ARDI y GOALI\u00a0 que brindan acceso libre o de bajo coste a contenido en l\u00ednea revisado por pares acad\u00e9micos y profesionales en pa\u00edses en v\u00edas de desarrollo. Research4Life. El objetivo de Research4Life \u00a0reducir la brecha de conocimiento entre los pa\u00edses de ingresos altos y los pa\u00edses de ingresos bajos y medianos proporcionando acceso asequible a informaci\u00f3n acad\u00e9mica, profesional y de investigaci\u00f3n.<\/p>\n<p style=\"text-align: center;\"><span style=\"text-decoration: underline; font-size: 24pt;\"><span style=\"color: #0000ff;\"><strong>LIBROS ELECTR\u00d3NICOS<\/strong><\/span><\/span><\/p>\n<p><a href=\"https:\/\/www.cabi.org\/cabebooks\"><img loading=\"lazy\" decoding=\"async\" class=\"size-full wp-image-2381 aligncenter\" src=\"http:\/\/tumi.lamolina.edu.pe\/bvbe\/wp-content\/uploads\/2018\/12\/cabiebooks.png\" alt=\"\" width=\"195\" height=\"90\" \/><\/a><\/p>\n<p style=\"text-align: justify;\"><strong><span style=\"color: #0000ff;\">CAB EBOOKS<\/span>\u00a0 \u00a0<\/strong>base de datos de libros electr\u00f3nicos de CABI abarca agricultura, desarrollo internacional, ciencias veterinarias y animales, ciencias ambientales, ciencias de las plantas, horticultura, silvicultura, salud humana y nutrici\u00f3n, ocio y turismo.<\/p>\n<p><img loading=\"lazy\" decoding=\"async\" class=\" wp-image-2500 aligncenter\" src=\"http:\/\/tumi.lamolina.edu.pe\/bvbe\/wp-content\/uploads\/2019\/09\/bibliotechnia.png\" alt=\"\" width=\"231\" height=\"51\" srcset=\"https:\/\/tumi.lamolina.edu.pe\/bvbe\/wp-content\/uploads\/2019\/09\/bibliotechnia.png 413w, https:\/\/tumi.lamolina.edu.pe\/bvbe\/wp-content\/uploads\/2019\/09\/bibliotechnia-300x65.png 300w\" sizes=\"(max-width: 231px) 100vw, 231px\" \/><\/p>\n<p><strong><span style=\"color: #0000ff;\">E-BOOK COLECCI\u00d3N BIBLIOTECHNIA<\/span><\/strong><\/p>\n<p>Bibliotechnia es una plataforma de libros electr\u00f3nicos en espa\u00f1ol dise\u00f1ada especialmente para bibliotecas digitales de diferentes sectores. Bibliotechnia integra contenido multidisciplinario de las m\u00e1s importantes editoriales. Se puede acceder el libro a texto completo.<\/p>\n<p><img loading=\"lazy\" decoding=\"async\" class=\" wp-image-2393 aligncenter\" src=\"http:\/\/tumi.lamolina.edu.pe\/bvbe\/wp-content\/uploads\/2019\/01\/E-BOOK-7-24.jpg\" alt=\"\" width=\"185\" height=\"90\" \/><\/p>\n<p><span style=\"color: #0000ff;\"><strong>E-BOOK 7-24<\/strong><\/span><\/p>\n<p>Plataforma de libros electr\u00f3nicos que \u00a0ofrece libros de texto publicados por las prestigiosa editoria ECOE Ediciones, \u00a0en las \u00e1reas de Ecoturismo, negocio, liderazgo, neuromarketing, comunicaci\u00f3n din\u00e1mica de grupos.<\/p>\n<p><img loading=\"lazy\" decoding=\"async\" class=\"alignnone size-full wp-image-2114 aligncenter\" src=\"http:\/\/tumi.lamolina.edu.pe\/bvbe\/wp-content\/uploads\/2017\/12\/GVRL-EBOOKS.png\" alt=\"\" width=\"244\" height=\"80\" \/><\/p>\n<p><strong><span style=\"color: #0000ff;\">E-BOOK Gale Virtual Reference Library (GVRL)<\/span><\/strong><\/p>\n<p>Gale Virtual Reference Library es una fuente de referencia electr\u00f3nica dirigida a las necesidades de estudiantes. Libros a texto completo de varias \u00e1reas tem\u00e1ticas en espa\u00f1ol y en ingl\u00e9s.<\/p>\n<p><img loading=\"lazy\" decoding=\"async\" class=\" wp-image-2689 aligncenter\" src=\"http:\/\/tumi.lamolina.edu.pe\/bvbe\/wp-content\/uploads\/2023\/02\/alpha-clud-1.png\" alt=\"\" width=\"282\" height=\"116\" \/><\/p>\n<p><strong><span style=\"color: #0000ff;\">E-BOOK AlphaCloud<\/span><\/strong><\/p>\n<p>Es una plataforma de libros electr\u00f3nicos en diferentes \u00e1reas del conocimiento como ingenier\u00edas, sistemas, ciencias econ\u00f3micas y administrativas, marketing y publicidad, educaci\u00f3n, entre otras.<\/p>\n<p style=\"text-align: center;\">\n<p style=\"text-align: center;\">\n","protected":false},"excerpt":{"rendered":"<p>BASE DE DATOS BASE WILEY ONLINE LIBRARY que comprende las \u00e1reas: Agricultura, Acuicultura, Ciencias de los Alimentos, Ciencias de la Tierra, Veterinaria, Ciencias de la Salud, F\u00edsico-Matem\u00e1ticas, Ingenier\u00edas, Ciencias de la Vida, Econ\u00f3mico-Administrativas, Ciencias Sociales y Humanidades. La Universidad Nacional Agraria la Molina tiene acceso a 1,340 journals de la Base Wiley Online Library de &hellip;<\/p>\n","protected":false},"author":1,"featured_media":0,"parent":0,"menu_order":0,"comment_status":"closed","ping_status":"closed","template":"","meta":{"footnotes":""},"_links":{"self":[{"href":"https:\/\/tumi.lamolina.edu.pe\/bvbe\/index.php\/wp-json\/wp\/v2\/pages\/143"}],"collection":[{"href":"https:\/\/tumi.lamolina.edu.pe\/bvbe\/index.php\/wp-json\/wp\/v2\/pages"}],"about":[{"href":"https:\/\/tumi.lamolina.edu.pe\/bvbe\/index.php\/wp-json\/wp\/v2\/types\/page"}],"author":[{"embeddable":true,"href":"https:\/\/tumi.lamolina.edu.pe\/bvbe\/index.php\/wp-json\/wp\/v2\/users\/1"}],"replies":[{"embeddable":true,"href":"https:\/\/tumi.lamolina.edu.pe\/bvbe\/index.php\/wp-json\/wp\/v2\/comments?post=143"}],"version-history":[{"count":48,"href":"https:\/\/tumi.lamolina.edu.pe\/bvbe\/index.php\/wp-json\/wp\/v2\/pages\/143\/revisions"}],"predecessor-version":[{"id":2768,"href":"https:\/\/tumi.lamolina.edu.pe\/bvbe\/index.php\/wp-json\/wp\/v2\/pages\/143\/revisions\/2768"}],"wp:attachment":[{"href":"https:\/\/tumi.lamolina.edu.pe\/bvbe\/index.php\/wp-json\/wp\/v2\/media?parent=143"}],"curies":[{"name":"wp","href":"https:\/\/api.w.org\/{rel}","templated":true}]}}